60930.
2
What is the greatest common factor of 36115 and 930?
155
What is the greatest common divisor of 13298 and 728774?
218
Calculate the greatest common divisor of 400507321 and 961.
961
Calculate the highest common factor of 372 and 83856147.
93
What is the highest common divisor of 45998217 and 63?
9
What is the greatest common divisor of 5243064 and 72?
24
What is the greatest common divisor of 12 and 36444024?
12
Calculate the highest common factor of 383840 and 2440.
40
What is the greatest common factor of 23188 and 291834?
62
What is the highest common factor of 64 and 61878640?
16
What is the greatest common factor of 986987 and 393091?
1217
Calculate the greatest common factor of 174748 and 11534.
158
Calculate the highest common factor of 23828 and 31514.
14
What is the highest common divisor of 140067 and 117?
9
What is the greatest common factor of 4543 and 2014397?
77
Calculate the highest common divisor of 209 and 39205987.
19
Calculate the greatest common divisor of 494 and 250822.
26
Calculate the highest common divisor of 7254 and 11891997.
117
Calculate the greatest common divisor of 1785856 and 15360.
1024
What is the greatest common divisor of 24019140 and 11252?
388
What is the highest common divisor of 2304555 and 1650?
165
What is the highest common factor of 1790 and 4439558?
358
What is the highest common divisor of 2635449 and 1065?
213
Calculate the greatest common divisor of 2668 and 7965682.
46
Calculate the greatest common factor of 65 and 45303115.
65
Calculate the highest common factor of 31539031 and 54070.
5407
Calculate the highest common factor of 63243 and 552.
3
Calculate the greatest common factor of 25910227 and 119.
119
Calculate the greatest common factor of 2885167 and 114282.
907
Calculate the greatest common divisor of 10576210 and 2550.
170
What is the greatest common factor of 1634 and 17745283?
43
Calculate the highest common factor of 3 and 6141294.
3
What is the highest common factor of 2540 and 4250690?
1270
Calculate the highest common divisor of 972302 and 134366.
1058
Calculate the greatest common divisor of 5660 and 9923395.
1415
What is the greatest common factor of 1392 and 9835176?
696
What is the highest common factor of 393 and 757983?
3
What is the highest common divisor of 2260842493 and 167?
167
Calculate the highest common factor of 3450 and 1737558.
138
Calculate the highest common divisor of 8070 and 36228651.
807
What is the greatest common factor of 9041041 and 822?
137
Calculate the highest common factor of 13497039 and 2502.
1251
Calculate the greatest common factor of 714 and 207453890.
238
Calculate the greatest common factor of 5359186 and 626.
626
What is the highest common divisor of 36936 and 79515?
513
What is the greatest common factor of 36300 and 1398?
6
Calculate the highest common divisor of 30700 and 990475.
25
What is the greatest common divisor of 26380 and 3384554?
2638
Calculate the highest common factor of 6191312 and 516.
172
Calculate the highest common divisor of 111 and 35181339.
111
Calculate the greatest common divisor of 9016 and 1652504.
1288
Calculate the highest common factor of 90 and 1207928286.
18
What is the highest common divisor of 277619238 and 702?
702
What is the highest common divisor of 2636 and 10280?
4
What is the highest common factor of 81 and 35470368?
9
Calculate the highest common divisor of 15 and 24524805.
15
What is the greatest common factor of 2484 and 2015444?
92
What is the greatest common factor of 16 and 105138928?
16
Calculate the highest common factor of 16096 and 21024.
32
Calculate the greatest common factor of 96811 and 12571.
13
What is the greatest common factor of 29124 and 1872026?
1618
What is the highest common divisor of 28820276 and 4?
4
Calculate the highest common factor of 5424 and 16290.
6
Calculate the greatest common factor of 1060 and 5323532.
212
What is the greatest common divisor of 66264 and 17754?
66
Calculate the highest common divisor of 19581340 and 430.
430
Calculate the greatest common divisor of 12960 and 45693.
9
What is the greatest common divisor of 5738 and 4379?
151
What is the greatest common divisor of 3179085 and 340?
85
What is the highest common factor of 19500378 and 24?
6
What is the greatest common factor of 98052 and 4068?
12
Calculate the highest common divisor of 12184605 and 570.
285
Calculate the greatest common factor of 194496 and 8192.
64
Calculate the highest common divisor of 3685048 and 200.
8
What is the highest common divisor of 54 and 1428846?
6
Calculate the greatest common divisor of 611592610 and 1252.
626
What is the greatest common factor of 2416 and 9761244?
604
Calculate the greatest common divisor of 194831 and 20293.
91
Calculate the highest common factor of 9 and 345054258.
9
Calculate the highest common divisor of 668 and 72914872.
668
Calculate the highest common factor of 29588232 and 60.
12
Calculate the highest common divisor of 39 and 38222310.
3
What is the highest common factor of 884 and 2970292?
52
Calculate the highest common factor of 92963941 and 19.
19
What is the highest common divisor of 73577 and 674075?
457
What is the greatest common divisor of 170172 and 10575603?
1467
Calculate the highest common factor of 135121 and 2813.
97
What is the highest common factor of 83692 and 7377584?
244
Calculate the greatest common factor of 1343495104 and 1162.
1162
What is the greatest common divisor of 14257 and 45999?
269
What is the greatest common factor of 41 and 75767467?
41
What is the greatest common divisor of 75021 and 32232?
51
What is the highest common factor of 40 and 271349590?
10
What is the highest common divisor of 140 and 97716325?
35
What is the greatest common factor of 240 and 9680178?
6
Calculate the greatest common factor of 1556 and 81124.
4
What is the greatest common factor of 23680 and 1880?
40
Calculate the highest common divisor of 61628 and 1451716.
28
What is the highest common divisor of 1374383 and 5752210?
4391
Calculate the greatest common factor of 7990 and 130660.
470
What is the greatest common divisor of 132 and 311183763?
33
What is the highest common divisor of 241647144 and 24?
24
Calculate the highest common factor of 138 and 16752234.
138
Calculate the highest common factor of 5152527 and 68961.
543
Calculate the highest common factor of 4 and 94305308.
4
What is the greatest common divisor of 33801479 and 277?
277
Calculate the greatest common divisor of 146604 and 426417.
57
Calculate the greatest common divisor of 34004143 and 46.
23
Calculate the highest common divisor of 32760 and 443160.
360
What is the highest common factor of 1579981 and 26?
13
Calculate the greatest common divisor of 437561 and 214513.
569
What is the greatest common divisor of 110909916 and 76?
76
Calculate the greatest common factor of 34813 and 9083.
31
What is the highest common divisor of 36 and 3959706?
6
What is the highest common divisor of 7065168 and 6116?
44
Calculate the highest common divisor of 8036 and 76832.
196
Calculate the highest common divisor of 1519 and 439138.
49
What is the greatest common factor of 5549 and 7835870?
31
What is the highest common factor of 4398766 and 494?
38
What is the greatest common divisor of 73104 and 176?
16
What is the highest common factor of 3088680 and 3990?
210
What is the highest common factor of 7290 and 222390?
90
Calculate the highest common divisor of 400 and 23172150.
50
What is the highest common factor of 1540 and 355660?
20
What is the highest common factor of 12768 and 4186392?
168
Calculate the highest common factor of 237329 and 1862.
19
Calculate the highest common factor of 215917845 and 110.
55
What is the highest common factor of 713 and 346513009?
713
Calculate the greatest common factor of 28 and 1042923.
7
What is the highest common factor of 1932924 and 483?
21
Calculate the greatest common factor of 120 and 546780.
60
What is the greatest common factor of 5505 and 417279?
1101
What is the highest common factor of 138929175 and 210?
105
What is the highest common divisor of 189896629 and 26?
13
What is the highest common divisor of 34224 and 5562384?
48
What is the greatest common divisor of 295021 and 124841?
127
Calculate the greatest common fact